 number?
False
Is 37497805 prime?
False
Is 2410801 composite?
True
Is 40760957 prime?
True
Is 86075239 a composite number?
False
Is 17183 a composite number?
False
Is 100103365 a composite number?
True
Is 139198922 a composite number?
True
Is 17603021 a composite number?
True
Is 1740338 composite?
True
Is 78988918 prime?
False
Is 1247009 a composite number?
False
Is 6386291 prime?
True
Is 1953221 prime?
False
Is 209858569 prime?
True
Is 2300531 prime?
True
Is 4635223 a composite number?
False
Is 2696513 prime?
True
Is 3072299 prime?
False
Is 33613513 prime?
False
Is 9592337 composite?
False
Is 4869259 prime?
False
Is 63556163 a prime number?
False
Is 482543287 a composite number?
False
Is 890419 composite?
False
Is 329403961 a composite number?
False
Is 62264801 composite?
True
Is 15672869 a composite number?
True
Is 518631 a composite number?
True
Is 1651891 a prime number?
True
Is 37844987 a composite number?
True
Is 1324073071 prime?
False
Is 2068553 a composite number?
False
Is 56784461 a composite number?
False
Is 17872097 a composite number?
True
Is 29331481 a composite number?
False
Is 488399 composite?
False
Is 10854541 prime?
True
Is 1842637 prime?
False
Is 1441207 a composite number?
True
Is 51113207 a composite number?
False
Is 25471839 a prime number?
False
Is 158975939 a prime number?
False
Is 591259 a prime number?
True
Is 52230593 prime?
True
Is 34846163 prime?
False
Is 388349 composite?
True
Is 15548847 composite?
True
Is 58928981 composite?
True
Is 125625007 a composite number?
True
Is 88547 a composite number?
False
Is 127339291 prime?
True
Is 96259039 a composite number?
True
Is 43673183 a prime number?
False
Is 12003827 prime?
False
Is 4815221 prime?
True
Is 635399783 a prime number?
True
Is 5771491 prime?
False
Is 4716919 composite?
False
Is 2216843 a prime number?
False
Is 19952987 a composite number?
True
Is 25854923 a composite number?
False
Is 1059433 a prime number?
True
Is 190141513 a prime number?
True
Is 19167919 a prime number?
False
Is 1216955 prime?
False
Is 477899 a prime number?
True
Is 4338473 a composite number?
True
Is 78332669 prime?
True
Is 322970633 a prime number?
True
Is 555028829 a prime number?
True
Is 12072979 prime?
True
Is 494808287 a composite number?
False
Is 2986121 composite?
True
Is 3712517 a composite number?
False
Is 131143141 composite?
False
Is 23627537 prime?
True
Is 54825209 a prime number?
True
Is 37729871 a prime number?
True
Is 4232413 composite?
False
Is 2975837 a composite number?
True
Is 3913211 a prime number?
False
Is 20715091 a prime number?
True
Is 7713067 a composite number?
True
Is 21375413 a prime number?
True
Is 2657569 a prime number?
True
Is 153240397 prime?
False
Is 8898527 a prime number?
False
Is 5473301 prime?
True
Is 23976571 a prime number?
False
Is 3657581 composite?
True
Is 21657403 prime?
False
Is 10867253 composite?
True
Is 8445309 a prime number?
False
Is 358703 a prime number?
True
Is 3974197 a composite number?
False
Is 309991 a prime number?
False
Is 19117841 composite?
False
Is 1799957 a prime number?
False
Is 11218903 prime?
True
Is 2558071 a prime number?
False
Is 73779557 a composite number?
True
Is 2498491 a prime number?
False
Is 778049 a prime number?
True
Is 7048913 a prime number?
True
Is 500793941 composite?
True
Is 7996829 prime?
False
Is 9285041 prime?
False
Is 48210229 a prime number?
False
Is 4803529 composite?
False
Is 384295253 composite?
False
Is 883741 prime?
False
Is 8078203 composite?
True
Is 19383181 a prime number?
False
Is 68542157 composite?
True
Is 19430317 prime?
False
Is 252051533 a prime number?
True
Is 52459423 prime?
True
Is 45044501 prime?
True
Is 5376421 composite?
False
Is 115986505 a prime number?
False
Is 15518917 a prime number?
True
Is 107859439 a composite number?
True
Is 1588121 a composite number?
False
Is 106500311 a composite number?
False
Is 387143 a composite number?
True
Is 136009019 composite?
False
Is 141085103 a prime number?
False
Is 43604741 prime?
False
Is 3724727 a prime number?
False
Is 193105279 prime?
False
Is 292634851 composite?
True
Is 1139143 composite?
False
Is 33071119 a prime number?
False
Is 64234673 a composite number?
False
Is 13510205 prime?
False
Is 11335985 composite?
True
Is 1716389 a composite number?
False
Is 43758961 a composite number?
True
Is 9792767 a prime number?
True
Is 1277197 prime?
True
Is 79199699 prime?
False
Is 21820597 prime?
True
Is 9865303 composite?
True
Is 430903393 prime?
True
Is 10671467 composite?
True
Is 403504301 a prime number?
True
Is 388918667 composite?
False
Is 32143973 a composite number?
True
Is 799291 a composite number?
False
Is 12762119 a prime number?
True
Is 116351 a prime number?
True
Is 15819953 a composite number?
True
Is 172340759 composite?
False
Is 2927777 composite?
False
Is 346664023 a prime number?
True
Is 14255777 composite?
True
Is 9762413 a prime number?
False
Is 358826101 composite?
False
Is 852079 prime?
True
Is 25854947 composite?
False
Is 4659563 a prime number?
False
Is 116379551 a composite number?
False
Is 723253 a composite number?
True
Is 8920277 composite?
False
Is 12373055 a prime number?
False
Is 20364101 prime?
True
Is 415013 composite?
False
Is 2769031 composite?
False
Is 5636249 prime?
True
Is 7581599 a prime number?
True
Is 43959583 composite?
False
Is 236847297 prime?
False
Is 13892161 composite?
True
Is 61727 prime?
False
Is 4201607 a composite number?
True
Is 7583567 a composite number?
False
Is 300719 prime?
True
Is 32446229 a prime number?
False
Is 512131079 a prime number?
True
Is 29489631 a composite number?
True
Is 449363333 prime?
True
Is 5642841 a prime number?
False
Is 6430157 prime?
True
Is 550742155 a prime number?
False
Is 14699357 prime?
True
Is 2928742 a composite number?
True
Is 4219549 a composite number?
False
Is 164156797 a composite number?
True
Is 34865707 prime?
False
Is 6625061 a composite number?
False
Is 2192243 a composite number?
False
Is 50880509 a composite number?
True
Is 113166517 a composite number?
True
Is 8866751 prime?
True
Is 250221133 composite?
False
Is 73862221 composite?
False
Is 1400411 composite?
False
Is 4026509 composite?
False
Is 1420703 prime?
False
Is 31335121 composite?
False
Is 1584337 a composite number?
True
Is 4207493 a prime number?
False
Is 21275417 composite?
True
Is 67048573 a composite number?
False
Is 97484759 a prime number?
True
Is 98577263 prime?
False
Is 3717058 a composite number?
True
Is 903921247 composite?
False
Is 6190843 a composite number?
False
Is 39130109 prime?
True
Is 16122079 prime?
False
Is 529982949 a prime number?
False
Is 99336773 a prime number?
False
Is 13988837 a prime number?
False
Is 7621511 a composite number?
True
Is 153195547 a prime number?
False
Is 1507667 prime?
False
Is 1511251 composite?
True
Is 11958829 prime?
True
Is 470321 prime?
False
Is 53657873 a prime number?
False
Is 7530491 prime?
True
Is 373186214 composite?
True
Is 506756429 prime?
False
Is 86976347 prime?
True
Is 7214323 prime?
True
Is 19013339 a prime number?
True
Is 1580141 a prime number?
True
Is 225000091 prime?
True
Is 562117 prime?
False
Is 2112701 a prime number?
False
Is 87267989 a prime number?
False
Is 29914727 a prime number?
True
Is 581393 a composite number?
False
Is 22872281 composite?
True
Is 7574683 composite?
False
Is 54110197 a prime number?
True
Is 260132423 a prime number?
True
Is 74658647 prime?
False
Is 8372971 a composite number?
False
Is 234378163 composite?
False
Is 5858929 a composite number?
True
Is 29570351 a composite number?
False
Is 3412469 composite?
False
Is 796762427 prime?
True
Is 5956091 a prime number?
False
Is 22264129 a prime number?
False
Is 202309759 a composite number?
False
Is 103769 a prime number?
True
Is 860573 composite?
True
Is 85960627 a prime number?
True
Is 7094551 prime?
True
Is 386929 prime?
False
Is 3564383 prime?
True
Is 751811579 a composite number?
True
Is 241630297 a prime number?
True
Is 24147482 a prime number?
False
Is 203117 a composite number?
False
Is 152378783 composite?
True
Is 150542926 composite?
True
Is 255559477 prime?
False
Is 25655831 a prime number?
True
Is 25244981 a composite number?
False
Is 77270681 a prime number?
False
Is 4510091 prime?
True
Is 1112197 a prime number?
True
Is 1022246 composi